{"id":53,"date":"2020-12-12T11:47:58","date_gmt":"2020-12-12T11:47:58","guid":{"rendered":"http:\/\/www.mielenterveyskuntoutujienkonsoli.fi\/newmain\/?page_id=53"},"modified":"2021-01-31T08:45:56","modified_gmt":"2021-01-31T08:45:56","slug":"kokemusasiantuntijuus","status":"publish","type":"page","link":"http:\/\/www.mielenterveyskuntoutujienkonsoli.fi\/newmain\/kokemusasiantuntijuus\/","title":{"rendered":"Kokemusasiantuntijuus"},"content":{"rendered":"\n<p>Kokemusasiantuntijana voi toimia, jos on omakohtaista kokemusta sairaudesta ja on k\u00e4ynyt kokemusasiantuntijakoulutuksen. Kokemusasiantuntija voi kehitt\u00e4\u00e4 yhdess\u00e4 hoitotahon kanssa palveluita asiakkaan n\u00e4k\u00f6kulmasta sek\u00e4 kertoa omaa tarinaansa, mist\u00e4 voi olla apua muille sek\u00e4 v\u00e4hent\u00e4\u00e4 sairauteen liittyv\u00e4\u00e4 stigmaa.<\/p>\n\n\n\n<p><\/p>\n\n\n\n<p>31.1.2021 <a href=\"http:\/\/www.mielenterveyskuntoutujienkonsoli.fi\/newmain\/kokemusasiantuntijuus\/kokemusasiantuntija-opas-aaniakuulevan-nakokulmasta\/\">Kokemusasiantuntija opas \u00e4\u00e4ni\u00e4kuulevan n\u00e4k\u00f6kulmasta<\/a><\/p>\n","protected":false},"excerpt":{"rendered":"<p>Kokemusasiantuntijana voi toimia, jos on omakohtaista kokemusta sairaudesta ja on k\u00e4ynyt kokemusasiantuntijakoulutuksen. Kokemusasiantuntija voi kehitt\u00e4\u00e4 yhdess\u00e4 hoitotahon kanssa palveluita asiakkaan n\u00e4k\u00f6kulmasta sek\u00e4 kertoa omaa tarinaansa, mist\u00e4 voi olla apua muille sek\u00e4 v\u00e4hent\u00e4\u00e4 sairauteen liittyv\u00e4\u00e4 stigmaa. 31.1.2021 Kokemusasiantuntija opas \u00e4\u00e4ni\u00e4kuulevan n\u00e4k\u00f6kulmasta<\/p>\n","protected":false},"author":1,"featured_media":0,"parent":0,"menu_order":0,"comment_status":"closed","ping_status":"closed","template":"","meta":{"footnotes":""},"class_list":["post-53","page","type-page","status-publish","hentry"],"_links":{"self":[{"href":"http:\/\/www.mielenterveyskuntoutujienkonsoli.fi\/newmain\/wp-json\/wp\/v2\/pages\/53","targetHints":{"allow":["GET"]}}],"collection":[{"href":"http:\/\/www.mielenterveyskuntoutujienkonsoli.fi\/newmain\/wp-json\/wp\/v2\/pages"}],"about":[{"href":"http:\/\/www.mielenterveyskuntoutujienkonsoli.fi\/newmain\/wp-json\/wp\/v2\/types\/page"}],"author":[{"embeddable":true,"href":"http:\/\/www.mielenterveyskuntoutujienkonsoli.fi\/newmain\/wp-json\/wp\/v2\/users\/1"}],"replies":[{"embeddable":true,"href":"http:\/\/www.mielenterveyskuntoutujienkonsoli.fi\/newmain\/wp-json\/wp\/v2\/comments?post=53"}],"version-history":[{"count":4,"href":"http:\/\/www.mielenterveyskuntoutujienkonsoli.fi\/newmain\/wp-json\/wp\/v2\/pages\/53\/revisions"}],"predecessor-version":[{"id":358,"href":"http:\/\/www.mielenterveyskuntoutujienkonsoli.fi\/newmain\/wp-json\/wp\/v2\/pages\/53\/revisions\/358"}],"wp:attachment":[{"href":"http:\/\/www.mielenterveyskuntoutujienkonsoli.fi\/newmain\/wp-json\/wp\/v2\/media?parent=53"}],"curies":[{"name":"wp","href":"https:\/\/api.w.org\/{rel}","templated":true}]}}