{"id":55,"date":"2020-12-12T11:48:13","date_gmt":"2020-12-12T11:48:13","guid":{"rendered":"http:\/\/www.mielenterveyskuntoutujienkonsoli.fi\/newmain\/?page_id=55"},"modified":"2020-12-27T16:11:18","modified_gmt":"2020-12-27T16:11:18","slug":"mielenterveystalo","status":"publish","type":"page","link":"http:\/\/www.mielenterveyskuntoutujienkonsoli.fi\/newmain\/mielenterveystalo\/","title":{"rendered":"Mielenterveystalo"},"content":{"rendered":"\n<p>Mielenterveystalosta l\u00f6ytyy tietoa mielenterveyteen liittyen. Mielenterveystaloa ovat kehitt\u00e4m\u00e4ss\u00e4 useat eri tahot.<\/p>\n\n\n\n<p>Linkki Mielenterveystaloon: <a href=\"https:\/\/www.mielenterveystalo.fi\/\">https:\/\/www.mielenterveystalo.fi\/<\/a><\/p>\n","protected":false},"excerpt":{"rendered":"<p>Mielenterveystalosta l\u00f6ytyy tietoa mielenterveyteen liittyen. Mielenterveystaloa ovat kehitt\u00e4m\u00e4ss\u00e4 useat eri tahot. Linkki Mielenterveystaloon: https:\/\/www.mielenterveystalo.fi\/<\/p>\n","protected":false},"author":1,"featured_media":0,"parent":0,"menu_order":0,"comment_status":"closed","ping_status":"closed","template":"","meta":{"footnotes":""},"class_list":["post-55","page","type-page","status-publish","hentry"],"_links":{"self":[{"href":"http:\/\/www.mielenterveyskuntoutujienkonsoli.fi\/newmain\/wp-json\/wp\/v2\/pages\/55","targetHints":{"allow":["GET"]}}],"collection":[{"href":"http:\/\/www.mielenterveyskuntoutujienkonsoli.fi\/newmain\/wp-json\/wp\/v2\/pages"}],"about":[{"href":"http:\/\/www.mielenterveyskuntoutujienkonsoli.fi\/newmain\/wp-json\/wp\/v2\/types\/page"}],"author":[{"embeddable":true,"href":"http:\/\/www.mielenterveyskuntoutujienkonsoli.fi\/newmain\/wp-json\/wp\/v2\/users\/1"}],"replies":[{"embeddable":true,"href":"http:\/\/www.mielenterveyskuntoutujienkonsoli.fi\/newmain\/wp-json\/wp\/v2\/comments?post=55"}],"version-history":[{"count":3,"href":"http:\/\/www.mielenterveyskuntoutujienkonsoli.fi\/newmain\/wp-json\/wp\/v2\/pages\/55\/revisions"}],"predecessor-version":[{"id":334,"href":"http:\/\/www.mielenterveyskuntoutujienkonsoli.fi\/newmain\/wp-json\/wp\/v2\/pages\/55\/revisions\/334"}],"wp:attachment":[{"href":"http:\/\/www.mielenterveyskuntoutujienkonsoli.fi\/newmain\/wp-json\/wp\/v2\/media?parent=55"}],"curies":[{"name":"wp","href":"https:\/\/api.w.org\/{rel}","templated":true}]}}